base 10?
-7028
Convert 12112122012101 (base 3) to base 7.
34014616
Convert 86620 (base 11) to base 14.
33c22
-436453 (base 8) to base 5
-14143411
-1a3e19 (base 15) to base 8
-4701714
Convert -1249039 (base 11) to base 2.
-1000010000011000011000
Convert -21201221211 (base 3) to base 10.
-152329
-1400115313 (base 6) to base 5
-13300301204
Convert -1998b (base 15) to base 8.
-242324
Convert e955b5 (base 15) to base 2.
101010010111001100010101
Convert -ce1b9 (base 15) to base 13.
-19c281
Convert -1301101400 (base 5) to base 10.
-3143975
-517442 (base 11) to base 8
-3124457
Convert 143414125 (base 6) to base 16.
2d5be5
111100010010110111 (base 2) to base 11
159606
Convert 112146 (base 10) to base 8.
333022
What is -5513260 (base 7) in base 16?
-a500a
11212210022120 (base 3) to base 6
131333153
What is 213334241 (base 5) in base 6?
31402155
What is -b69825 (base 14) in base 15?
-81dedc
What is -38154c (base 13) in base 12?
-54a769
What is -20210031202 (base 4) in base 13?
-6080aa
Convert -2000222211200 (base 3) to base 8.
-4102120
-16881 (base 12) to base 13
-11959
-3321634 (base 7) to base 12
-178714
What is 11a3c (base 15) in base 8?
155763
What is 274606 (base 9) in base 11?
104882
Convert -2324551 (base 6) to base 12.
-59757
Convert -1364234 (base 14) to base 12.
-3187106
Convert -dd6a6c (base 15) to base 13.
-2256258
What is -11111133110 (base 4) in base 6?
-45551352
-33775 (base 10) to base 8
-101757
-30131010 (base 5) to base 3
-110011112120
-1a131 (base 14) to base 13
-24113
110110110000011010011 (base 2) to base 13
4aa8bc
Convert -10111011001010110011100 (base 2) to base 9.
-12477078
Convert -144605 (base 7) to base 9.
-42462
What is 14002223 (base 5) in base 6?
3004254
Convert 75526b (base 12) to base 10.
1854515
What is bdd787 (base 16) in base 13?
2767c2b
Convert -32a5c8 (base 13) to base 3.
-2020122211111
What is dc8c5 (base 14) in base 15?
a83a2
20334035 (base 7) to base 5
414043413
-312131122100 (base 4) to base 6
-1225553412
-43210242 (base 6) to base 14
-25337c
-1101100111100111110 (base 2) to base 14
-b88c6
Convert -c05b64 (base 14) to base 13.
-1456b1c
782cd (base 14) to base 10
291437
111361 (base 9) to base 5
4113022
What is -234513 (base 6) in base 9?
-31100
Convert 656b37 (base 12) to base 4.
12020233123
-1022232133 (base 4) to base 2
-1001010101110011111
Convert 242340 (base 12) to base 16.
8eb60
What is -1364534 (base 7) in base 2?
-101100111100110110
What is 54ab (base 15) in base 4?
10120100
What is 11010221102012 (base 3) in base 4?
20121323030
What is -42441322 (base 6) in base 8?
-4610622
133011021 (base 4) to base 13
45c39
1221222100102 (base 3) to base 16
fe924
Convert 40a252 (base 13) to base 3.
2211120222002
What is -52cb6 (base 13) in base 5?
-14240001
What is d1cd2 (base 14) in base 10?
504688
104328 (base 9) to base 12
30022
What is 2013046 (base 7) in base 4?
322102222
What is 63002435 (base 7) in base 14?
9bb9c5
66733 (base 9) to base 11
30347
-c45e9 (base 15) to base 11
-395638
What is 16418 (base 13) in base 14?
11676
What is 467312 (base 9) in base 6?
10004315
-11496 (base 12) to base 15
-6cd9
Convert -408428 (base 9) to base 15.
-4bc38
Convert 1000011000101011011101 (base 2) to base 16.
218add
What is -4306653 (base 7) in base 6?
-15115103
What is 2050415 (base 6) in base 5?
11144242
Convert -10110100001000101010 (base 2) to base 16.
-b422a
What is -2eef6 (base 16) in base 6?
-4042010
187aa (base 15) to base 6
1411224
47121 (base 13) to base 6
2441003
Convert 2415441 (base 6) to base 2.
11110111111110001
Convert 220122122011 (base 3) to base 10.
485248
-100021011120201 (base 3) to base 10
-4924090
933c8 (base 16) to base 4
2103033020
Convert 928890 (base 10) to base 14.
1a2734
Convert -4548182 (base 9) to base 5.
-1112000430
What is 2331344100 (base 5) in base 14?
9d0381
Convert -215126 (base 7) to base 16.
-93a7
Convert -1130102212 (base 4) to base 15.
-77017
Convert 1001022012 (base 4) to base 5.
32020021
What is -4333355 (base 6) in base 2?
-110100011001100111
What is -4395b (base 14) in base 2?
-100111111110011101
-313bd (base 14) to base 7
-1003126
Convert -6233 (base 8) to base 9.
-4375
Convert -153773 (base 12) to base 5.
-42440131
What is 1638044 (base 11) in base 7?
32510234
-a8f53 (base 16) to base 9
-1264275
Convert 456224 (base 7) to base 8.
236777
-57a84 (base 11) to base 4
-110131300
-122113240 (base 5) to base 11
-368562
What is -6466145 (base 8) in base 4?
-12212301211
Convert -210011331 (base 4) to base 11.
-a1088
What is -132560 (base 10) in base 4?
-200113100
Convert -222526536 (base 7) to base 16.
-ce0ab1
What is 394623 (base 12) in base 4?
3211231323
What is -700731 (base 8) in base 16?
-381d9
Convert 1a1779 (base 11) to base 4.
1023213131
4711646 (base 9) to base 6
130331153
What is 3a1d83 (base 15) in base 9?
5223226
What is 121242431 (base 5) in base 16?
8b8e0
Convert 312102312 (base 4) to base 16.
364b6
Convert -1355d5 (base 16) to base 10.
-1267157
737406 (base 9) to base 10
438459
-29de15 (base 16) to base 11
-1604530
What is 1101230213 (base 4) in base 7?
2562413
Convert -109630 (base 12) to base 9.
-443810
Convert 9c8b0 (base 13) to base 11.
185068
Convert 105d66b (base 14) to base 4.
131212023133
What is 11a4c5 (base 13) in base 15?
85376
Convert -1122110022 (base 3) to base 9.
-48408
Convert -627461 (base 14) to base 16.
-32b7cd
-642ec (base 16) to base 12
-179578
-a73cb4 (base 13) to base 9
-7336408
Convert -54276 (base 12) to base 7.
-641346
What is -465373 (base 10) in base 6?
-13550301
52516146 (base 7) to base 4
100330113312
Convert -31320 (base 7) to base 3.
-101120110
What is -5320544 (base 6) in base 9?
-434751
What is -54105302 (base 6) in base 9?
-3001262
What is -513725 (base 10) in base 9?
-862625
What is -11002120100 (base 3) in base 9?
-132510
What is 8a39a5 (base 12) in base 2?
1000011010001111001101
Convert 11003101020 (base 5) to base 11.
6709157
Convert -1211102 (base 9) to base 7.
-5404124
26761016 (base 8) to base 12
20248ba
Convert -59d3d (base 14) to base 5.
-24010004
7076214 (base 8) to base 7
21603556
-500467 (base 8) to base 3
-22100011200
Convert 20031221 (base 4) to base 13.
1240a
Convert 49458c (base 15) to base 10.
3507882
13662ba (base 12) to base 8
16602056
-2452451 (base 10) to base 14
-47ba71
Convert -100000111000011111 (base 2) to base 14.
-37127
Convert 4144106 (base 7) to base 10.
498434
What is -11923 (base 16) in base 3?
-10122201121
Convert -298d7 (base 14) to base 9.
-166611
-10000011111001011000101 (base 2) to base 6
-232345113
What is 165124 (base 8) in base 6?
1141420
-21507514 (base 8) to base 3
-22200221012211
What is -1db9c (base 15) in base 3?
-11221020010
Convert -34002212 (base 5) to base 2.
-1001000100011011110
Convert 1bb326 (base 12) to base 14.
ccc90
What is -468384 (base 11) in base 5?
-142240103
What is 21001021002 (base 3) in base 11?
95232
Convert 28602557 (base 9) to base 8.
66042753
What is 14670b (base 13) in base 14?
d0281
Convert 1015656 (base 10) to base 6.
33434040
Convert -100110101111101000 (base 2) to base 12.
-77a08
103344102 (base 5) to base 9
755131
Convert 31168a (base 13) to base 7.
12511265
What is 1021111221102 (base 3) in base 5?
133220020
Convert -986a0 (base 12) to base 15.
-3ea3c
Convert 121212202010 (base 3) to base 12.
140326
Convert -112a4c (base 13) to base 10.
-406002
4410082 (base 9) to base 13
64c148
Convert 2341002 (base 7) to base 5.
33430133
-21212122210022 (base 3) to base 11
-23a9910
Convert 62381 (base 9) to base 10.
41140
Convert 723381 (base 12) to base 9.
3326047
Convert 55256 (base 9) to base 5.
2133123
-7cc76 (base 13) to base 5
-24302131
What is -14102d1 (base 14) in base 12?
-3308a93
Convert 13261 (base 16) to base 8.
231141
56494b (base 12) to base 9
2527605
What is -221100212021222 (base 3) in base 15?
-12b41be
What is -153334 (base 10) in base 11?
-a5225
1162853 (base 10) to base 13
3193a3
Convert -12129 (base 10) to base 16.
-2f61
What is 10001100111101110010 (base 2) in base 3?
1002100000222
What is 466107 (base 12) in base 5?
242132023
Convert 624c4e (base 15) to base 2.
10001110101000011101110
What is -2838461 (base 9) in base 15?
-20c87d
172892 (base 14) to base 12
333028
What is 48246 (base 10) in base 9?
73156
1112220120122 (base 3) to base 16
c9659
-47ac0 (base 13)